i be (4 + -4)*1/2. Suppose -2*w + 14 + i = 0. Suppose 0*g + 48 = 4*g. What is the remainder when g is divided by w?
5
Let y be ((-7)/3)/(6/(-90)). What is the remainder when 7 is divided by (40/y)/(2/7)?
3
Suppose -q - q + 48 = -5*b, 4*q = -b + 52. Suppose -4*o - 5*n = -0*o + 17, -2*o - 5*n - 21 = 0. What is the remainder when (o - (-120)/3) + -2 is divided by q?
12
Let b(w) = -w**3 - 4*w**2 + 3*w - 4. What is the remainder when b(-6) is divided by 18?
14
Let v = 2 - 2. Let n = -17 - -54. Let u = v + n. Calculate the remainder when u is divided by 13.
11
Let k(x) = 2*x - 7. Calculate the remainder when 8 is divided by k(6).
3
Let f = 65 + -33. Let o = -3 + 6. Suppose 41 = o*u - 10. What is the remainder when f is divided by u?
15
Suppose 5*x = -0*x - 40. Let a = x + 34. Calculate the remainder when a is divided by 7.
5
Suppose -15 = -3*l + 30. What is the remainder when 87 is divided by l?
12
Let k(n) = n - 7. Let s be k(5). Calculate the remainder when (31*s/(-2))/1 is divided by 2 + 2/(-2) + 10.
9
Let n be 6 + -7 - 1/1. Calculate the remainder when (47/n)/(3/(-6)) is divided by 16.
15
Let i be 1/(-2)*-2*-1. Let z(s) = s - 1. Let g(y) = 3*y - 9. Let j(d) = i*g(d) + 4*z(d). Calculate the remainder when 34 is divided by j(7).
10
Suppose -5*f + 4*z = -163, -3*z + 39 = f - 7*z. What is the remainder when 123 is divided by f?
30
Suppose 3*j = -4*t, 3*t - 5*j = 14 + 15. Suppose 4*k + 12 = t*x, -x = 5*k + x - 8. Suppose y = -k + 8. Calculate the remainder when 13 is divided by y.
5
Let c(b) be the second derivative of -b**5/20 + 5*b**4/12 + 3*b**3/2 - b**2/2 - 2*b. What is the remainder when c(6) is divided by 9?
8
Let w(k) = -k**3 - 6*k**2 + 4*k - 15. What is the remainder when 63 is divided by w(-7)?
3
Suppose 5*d - 29 = n, -4*n + 8 - 24 = 0. Suppose 0 = -5*g + 2*g - 4*y + 151, 0 = -4*g + d*y + 191. Calculate the remainder when g is divided by 13.
10
Let y = -513 - -229. Let h = 29 - 15. Calculate the remainder when y/(-11) + (-4)/(-22) is divided by h.
12
Let m = 35 + -21. What is the remainder when m is divided by 5?
4
Let k(t) = t - 7. Let u be k(5). Let y be u/(-8) + 38/8. Suppose -y*m = -41 - 54. Calculate the remainder when m is divided by 7.
5
Suppose 0 = -2*a + 133 - 9. What is the remainder when a is divided by 13?
10
Let l(g) = -4*g**3 + 2*g**2 - 2*g + 3. Let a be l(2). Let d = a - -29. Calculate the remainder when 9 is divided by d.
1
Let b(w) = w**2 - 3*w + 2. Let l = -11 - -18. Suppose -2*t + l*t = 10. Calculate the remainder when b(4) is divided by t.
0
Suppose 7*j - 243 = -2*j. Calculate the remainder when 161 is divided by j.
26
Suppose -9 = -3*f, -p + f - 3 + 24 = 0. What is the remainder when p is divided by -4*2/(16/(-18))?
6
Suppose -3*o + 3 = 0, 2*j + 2*o - 58 - 14 = 0. What is the remainder when j is divided by 12?
11
Let u(d) = -d**3 - 4*d**2 + 5*d. Let t be u(-5). Let k be 2 + -5 + t + 5. Calculate the remainder when (124/(-5))/(k/(-5)) is divided by 21.
20
Suppose u - 1 = -0. Let t(r) = 21*r**3 - r + 1. Calculate the remainder when 61 is divided by t(u).
19
Suppose 6*a - a - 2*u = 53, 4*a + 2*u - 28 = 0. Calculate the remainder when a is divided by 4.
1
Let v = 12 + 7. Suppose r = -4*g + 8, 0 = -4*r - g - 1 + 3. Suppose r = -0*q + q - 10. What is the remainder when v is divided by q?
9
Suppose 5*n - 8 = -5*t + 27, 4 = 2*n + 4*t. Suppose -4*b + 13 = -27. Suppose 2*o - b - 4 = 0. What is the remainder when n is divided by o?
5
Let m = 0 + 8. Let a = 23 - 6. Let b = a - 12. Calculate the remainder when m is divided by b.
3
Suppose 5*o + 4*m = 215, 0*m + 5*m - 25 = 0. Let s = -11 - -21. Calculate the remainder when o is divided by s.
9
Suppose 2*x = -5*m + 45, 5*x - 167 = -4*m - 46. Let r = 17 - 11. Suppose i + j = 4, -3*i = -2*i + 3*j + r. What is the remainder when x is divided by i?
7
Let u = 97 - 68. Let q = 123 - 66. Calculate the remainder when q is divided by u.
28
Let f(a) be the second derivative of a**5/20 - 5*a**4/12 - 3*a. Let v be f(5). Suppose v = n - 21 - 4. Calculate the remainder when 48 is divided by n.
23
Let s be (-2)/(-7) + 46/(-14). Let r = 2 - s. Suppose -r*w = 5*k - 10, 4*k + 13 = 3*w - 4*w. Calculate the remainder when w is divided by 4.
3
Let i = 10 - -10. Let a(d) = -d**3 + 5*d**2 + 9*d - 7. Calculate the remainder when i is divided by a(6).
9
Let w(u) = -u**3 - 8*u**2 - 3*u - 11. Calculate the remainder when w(-8) is divided by 8.
5
Let g = 16 - -2. Suppose -5*n = -2*n - g. Calculate the remainder when 22 is divided by n.
4
Let k = 60 + -19. Calculate the remainder when 161 is divided by k.
38
Let o = -3 + 3. Suppose o = -j + 6*j - 180. Let r(u) = 2*u**2 - 3*u - 1. What is the remainder when j is divided by r(4)?
17
Let h(j) = -j**2 + j + 3. Let z be h(4). Let q = 8 - z. Let k(g) = -2*g - 4. Calculate the remainder when q is divided by k(-5).
5
Let a(f) = f - 13. Let h(x) = x - 6. Let m(o) = -2*a(o) + 5*h(o). What is the remainder when 13 is divided by m(4)?
5
Let j(k) = k**3 + 4*k**2 + 4*k + 4. Suppose 12 = 5*i - 2*b + 3, -9 = 2*i - 5*b. Calculate the remainder when i is divided by j(-3).
0
Let m be (4/6)/((-6)/(-27)). Suppose 0 = -m*t + k + 61, 3*t + 0*k - 71 = -4*k. Suppose 2*d = -d + t. What is the remainder when 12 is divided by d?
5
Let m be (-4)/(-6)*24/(-1). Let t = 2 - -32. Let i = t - m. Calculate the remainder when i is divided by 17.
16
Suppose 2*k + 2*k = 8. Suppose c - 4 = -p + 11, k*c = 10. What is the remainder when 17 is divided by p?
7
Let p(f) = -4*f - 1. Let y = -2 + -1. Calculate the remainder when p(y) is divided by 4.
3
Suppose q + 2*p = -3*p - 19, 4*p = -2*q - 8. What is the remainder when 12 is divided by q?
0
Let h = 2 + 43. Suppose 2*b - 7*b = -h. What is the remainder when 44 is divided by b?
8
Let z = 5 + -14. Let p(l) = l**2 + 7*l + 9. What is the remainder when p(z) is divided by 7?
6
Suppose 0 = -4*p - 4, 2*s - 2 = s - 5*p. Suppose 4*d - v = -0*d + 78, -3*d + 3*v = -54. Calculate the remainder when d is divided by s.
6
What is the remainder when (-2124)/(-48) + ((-9)/(-12))/(-3) is divided by 15?
14
Let h(m) = -2*m**3 - 5*m**2 + m**3 + 5*m - 2 + 5*m. Suppose t - 6 = 4*p, -3*p - 22 = -0*t - 2*t. What is the remainder when h(-7) is divided by t?
12
Let i = -35 - -73. Let r = 0 - -5. Suppose 2*h - r*h + 60 = 0. Calculate the remainder when i is divided by h.
18
Let t = 26 - 14. What is the remainder when 27 is divided by 2*45/t*2?
12
Let j(i) = 25*i**3 + i**2 + i - 1. Let g be 23 + 0 + -2 + 0. What is the remainder when j(1) is divided by (-5)/((-15)/g) - -2?
8
Suppose -o + 6 + 1 = 0. Let n = o + 10. Let d = -2 + 11. What is the remainder when n is divided by d?
8
Suppose -6*l + 4*l = 5*p - 201, -5*l - 133 = -3*p. Calculate the remainder when p is divided by 22.
19
Let a(h) = -h**2 - 10*h - 9. Calculate the remainder when a(-8) is divided by 2.
1
Suppose -5*r = -u - 2*u - 19, -2*r = -5*u - 19. Calculate the remainder when (-266)/(-6) + u/9 is divided by 1/6 - 1*(-356)/24.
14
What is the remainder when (-231)/(-14) - 2/(-4) is divided by 7?
3
Let u(h) = h**2 + h + 14. Calculate the remainder when 35 is divided by u(0).
7
Let k = -13 + 23. What is the remainder when 38 is divided by k?
8
Suppose 13*g = 12*g + 96. Calculate the remainder when g is divided by 49.
47
Suppose -5*o - 15 = 0, -2*o + 31 = 4*j - 11. Suppose a - j = -a. Calculate the remainder when a is divided by 2.
0
Let v = -89 + 95. Let d(m) = -m + 0*m**2 + 1 + 1 + m**2. Calculate the remainder when d(-4) is divided by v.
4
Let l = 4 + 1. Suppose -l*c + 25 = 5. Calculate the remainder when c is divided by 2.
0
Suppose -2*y + 2*a = -46, -y + 2 = 4*a - 1. Let v(u) = -u**3 + 10*u**2 - 2*u + 14. Let f be v(10). Let l = f + 16. What is the remainder when y is divided by l?
9
Suppose 0 = t + p - 15, 3*t + p = 39 + 16. Calculate the remainder when 59 is divided by (t/(-3))/((-3)/9).
19
Let y be 0 + 3*(-2)/(-6). Let o = -65 + -35. Calculate the remainder when (-1 - y)*o/8 is divided by 13.
12
Suppose -l + 31 = 4*h, -h + 2*l = -14 - 5. What is the remainder when 32 is divided by h?
5
Suppose 3 + 7 = 2*c. Suppose 0 = c*r - 2*r - 21. Let t = -26 - -30. What is the remainder when r is divided by t?
3
Let k(a) = a**2 - a + 81. Let y be k(0). What is the remainder when 45 is divided by -2*(2 - y/6)?
22
Suppose 0 = -3*b 